What is the units digit of (-91)/(-21) + m/6?
4
Let b = 2008 - -1795. What is the hundreds digit of b?
8
What is the units digit of -7 + 11 + -5 - -779?
8
Let w = -341 - -495. Let a = w + -62. What is the units digit of a?
2
Suppose -2*c - 3*j + 876 = 0, 0 = -2*c + 5*j + 219 + 625. What is the hundreds digit of c?
4
Suppose 0 = 3*h - 2*z + 1, 3*h - 4*z + 4 = -1. Suppose -y + 2 = -h. Suppose 47 = s + 4*a, -5*a = -y*s - 10*a + 134. What is the units digit of s?
3
Let r be ((-20)/6)/((-2)/(-6)). Let j = r - -7. What is the tens digit of (-3)/j*(21 + -2)?
1
What is the tens digit of (6/8)/((114/(-272))/(-19))?
3
Suppose 4*n = 8*n + 428. Let w = n + 199. What is the units digit of w?
2
Let l be (-205)/(-4) + 3/4. Suppose 5*x = 131 - 21. Suppose -23*m + l = -x*m. What is the tens digit of m?
5
Suppose 0 = -3*q + 26 - 11. Suppose 3*b + 0*b + 2*x - 182 = 0, -4*x = -q*b + 318. What is the units digit of b?
2
Suppose -4*l + 3*l + 12 = 3*p, 5*p - 20 = -2*l. Let u(d) = -d**2 - 2*d + 12. What is the units digit of u(l)?
2
Suppose 324 + 60 = 2*f. Let r(b) = -b**2 - 12*b - 6. Let x be r(-6). What is the units digit of (-4)/10 + f/x?
6
Let m = -36 + 60. Suppose 4*v - m = -2*a, -v = 2*a + a - 11. Suppose -3*c - 51 = -3*n, -4*c + 62 = 4*n + a. What is the units digit of n?
6
Let l(t) = 2*t**2 + 2*t - 2. Let s be l(-2). Let h be 1/(0 + s/(-4)). What is the units digit of ((-1)/h)/((-17)/(-1564))?
6
Suppose -4275 = -29*j + 14*j. What is the tens digit of j?
8
Let a(j) = 2*j**2 - 9*j - 16. What is the tens digit of a(10)?
9
What is the units digit of 811/4 + 7/28?
3
Let m be (-2)/15 + (-358)/15. Let i = m - -26. Suppose 86 = 3*u + i*r, -u + 0*u - 5*r = -20. What is the tens digit of u?
3
Let d = 8 - 8. Suppose 6*n - 9*n + 312 = d. What is the tens digit of n?
0
Let v be (-4)/8*(-36)/(-18). Let d be 9/(-2)*4/(-2). What is the units digit of ((-69)/d)/v*3?
3
Let p = 467 + 109. What is the tens digit of p?
7
Let v = -50 - -50. Suppose n + 29 - 97 = v. What is the tens digit of n?
6
Suppose -2*m + 38 = -t - 7*m, -4*t = 5*m + 92. Let o = t - -50. Let a = o - 29. What is the units digit of a?
3
Let z(b) = 19*b + 11. What is the tens digit of z(2)?
4
Suppose -5*o = 25, -3*o = -0*n - n - 11. Let w(c) = c**3 + 8*c**2 + 7*c - 2. Let h be w(-5). Let z = h + n. What is the units digit of z?
2
Suppose -5 + 29 = 6*w. Suppose 348 = 4*s - 4*y + 68, 2*s - w*y = 146. What is the tens digit of s?
6
Let o(c) = c**2 - c - 1. Let l be o(-1). Suppose -15*j - 12 = -11*j. What is the units digit of (2 - -6) + l*j?
5
Let c = 26 - -74. What is the tens digit of c?
0
Let c(b) be the third derivative of 37*b**4/12 - b**3/2 + 14*b**2. What is the tens digit of c(1)?
7
Suppose j - 2*j + 999 = 5*q, 0 = -4*q + 3*j + 803. Suppose -5*p = 12 - 2. What is the units digit of 3/p*q/(-12)?
5
Let f be 0 + 46 - (0 + -1). Let q = f + -67. Let v = q - -79. What is the tens digit of v?
5
Suppose 0 = 9*s - 6*s - 12. Suppose s*c - x + 45 = 0, 6*x - 3 = c + 3*x. What is the tens digit of c/42 - (-240)/7?
3
Suppose 0 = 2*j - 1357 + 21. What is the hundreds digit of j?
6
Let k(n) = -n**2 + 29*n - 14. What is the tens digit of k(20)?
6
What is the tens digit of 5/3 + (-26760)/(-9)?
7
Let c(z) = 305*z**2 + 7*z - 6. What is the units digit of c(1)?
6
Let r(g) = g**2 - 15*g + 19. Let f be r(14). What is the units digit of 24 + 3*(4 - f)?
1
Let j = -22 + 475. Suppose -3*g + 4*b = -459, -b = -3*g + b + j. What is the units digit of g?
9
Suppose v - 2*w = 184, -5*v + 0*v = 4*w - 892. Suppose -45*h = -41*h - v. What is the units digit of h?
5
Let d be ((-10)/4)/(2/(-4)). Suppose 2*y = 12*h - 11*h + 16, 2*h - 4 = 0. Let k = y + d. What is the units digit of k?
4
Let f = 39 + -36. Suppose -4*t = -t, 0 = f*u - 3*t - 15. Suppose -119 - 41 = -u*a. What is the tens digit of a?
3
Suppose -p = -2 - 17. Suppose 35 = 3*k - p. What is the units digit of k?
8
Suppose 4*o - 2*m - 1248 = 4168, 4062 = 3*o + m. What is the hundreds digit of o?
3
Let p(c) = c**2 + 14*c - 13. Let d be p(-15). Suppose -10 = 2*l - d*o - 4, -4*l - 3*o + 16 = 0. Let y = l + 17. What is the units digit of y?
8
Suppose -13 = -4*n - 1. Let v(t) be the third derivative of t**5/60 - 5*t**4/24 + 7*t**3/6 - t**2. What is the units digit of v(n)?
1
Let f(r) = -4 - 57*r + 1 + 7 + 0. What is the tens digit of f(-1)?
6
Let j = 1297 - 436. What is the tens digit of j?
6
Let s(p) = 8*p**2 + 23*p + 174. What is the units digit of s(-12)?
0
Let q(j) = 49*j + 173. What is the tens digit of q(11)?
1
Let t(h) = 4*h - 2. Let n be t(8). Let g = -2 - -4. Suppose -v - g*v = -n. What is the units digit of v?
0
Suppose -5*d + 4*h = -20532, h = -227*d + 229*d - 8214. What is the thousands digit of d?
4
Suppose 31*q - 27251 + 7721 = 0. What is the tens digit of q?
3
What is the units digit of -1 + 667 - (-23 + 30)?
9
Let o(y) = -y**3 - y**2 - y. Let a(n) = -2*n**3 - 7*n**2 - 3*n - 8. Let s(j) = -a(j) + o(j). Let x be s(-6). What is the tens digit of (x - -2)/(-2) + 15?
1
Suppose -t + 5*t = 1488. Suppose 38*h - 34*h = t. What is the units digit of h?
3
Let y(x) = -14 - 40 - 20 + 2*x**3 - 3*x**3. Let b be y(0). Let k = -49 - b. What is the units digit of k?
5
Let a(w) = 31*w - 11. Let i be a(3). Suppose -5*b + i = 5*c - 98, 2*b = c + 84. What is the tens digit of b?
4
Suppose 0 = -r + h + 6, 0 = -3*r + 5*r + 2*h. Suppose r*y - 2 = 1. What is the units digit of y?
1
Let h(g) = -31*g + 24. What is the hundreds digit of h(-10)?
3
Let w(y) = -y**3 + 9*y**2 - 10*y + 19. Let p be w(8). Suppose 5*d = 2*t + 337, 4*t = p*d - 298 + 93. What is the units digit of d?
7
Let t be (-2)/13 + 504/(-104). Let m = -19 - -18. What is the units digit of 101/5 - m/t?
0
What is the units digit of 205 - (-5 + 6)/1?
4
Suppose 52 = d + 17. Suppose -30*q = -d*q + 630. What is the hundreds digit of q?
1
Let u(y) be the third derivative of -y**5/60 - y**4/2 + y**3 - 7*y**2 - 1. Suppose 27 = -4*f - 9. What is the tens digit of u(f)?
3
Let f(i) = 4 + 3 + 4 + i. Let q be f(-9). Suppose j = -q*j + 54. What is the tens digit of j?
1
Suppose 0 = 68*k - 69*k + 4. Suppose k*d + 4 = -0, -2*f = -5*d - 183. What is the units digit of f?
9
Let y = -1445 + 2908. What is the thousands digit of y?
1
Suppose 8 = u + 6. Suppose -m + 2*i + 59 + 22 = 0, 3*m = u*i + 263. What is the tens digit of m?
9
Suppose 4*y = -19 + 139. Suppose -3*i - 5*b - 139 = 0, 4*i + y = 5*b - 132. Let d = i - -64. What is the units digit of d?
1
Let k(t) = 23 - 3*t - 2*t**2 + 2*t + 4*t**2 + t**3 + 5*t**2. What is the tens digit of k(-6)?
6
Suppose 101 = 5*w + 246. Let m = w - -31. Let p(z) = z**3 - 2*z**2 + 5*z - 4. What is the units digit of p(m)?
6
Suppose 0 = 2*d + 4*d + 72. What is the tens digit of (207/(-36) + (-8)/2)*d?
1
Let b = 1177 + -487. What is the tens digit of b?
9
Let a(d) = 3*d**2. Let s(q) = -11*q**2 - q - 1. Let c(z) = 9*a(z) + 2*s(z). What is the tens digit of c(3)?
3
Let x = -167 + 481. What is the tens digit of x?
1
Suppose -7*p + 656 = -534. What is the tens digit of p?
7
Let o = 71 + -112. Let c = 63 + o. What is the units digit of c?
2
Suppose -4*s + s - 18 = 0. Let b be (30/(-12))/((-1)/s). What is the tens digit of b/(-2)*8/6?
1
Suppose 0 = f - 3*c - 719, -2*c + 7*c = -f + 687. What is the tens digit of f?
0
Let n(k) = 168*k + 59. What is the units digit of n(6)?
7
Let m = 317 + -18. What is the hundreds digit of m?
2
Let c = 3177 - 1266. What is the thousands digit of c?
1
Suppose 4*n = x + 1639 + 6897, 4*n - 8520 = -3*x. What is the units digit of n?
3
Suppose 3*l - 2*l = 4. Suppose l*b = b - 240. What is the tens digit of (-1)/2*(14 + b)?
3
Suppose -5*p + g + 5 = 2, 0 = p + 5*g - 11. What is the units digit of -3 + (3 - (0/p + -52))?
2
Let m(z) = 2*z + 9 - 10*z - z - z**2. Let d be 4/22 - ((-105)/(-33) + 4). What is the tens digit of m(d)?
2
What is the hundreds digit of ((-9)/(-12))/(1508/752 + -2)?
1
Let m(l) = 24*l**2 + 40*l + 31. What is the units digit of m(9)?
5
Let g(w) = 68*w + 25. Let v(l) = -17*l - 6. Let i(z) = 2*g(z) + 9*v(z). Let c be ((-3 - 0) + -1)*(-9)/(-18). What is the units digit of i(c)?
0
Let k(v) = -v + 4. Let z be k(4). Let o be (-2)/14 + (-171)/(-21) + -5. Let t = o - z. What is the units digit of t?
3
Suppose -6*w - 371 + 7415 = 0. What is the units digit of w?
4
Suppose -7*h - 220 = -3*h. Let k =